{"id":193,"date":"2018-07-09T18:34:05","date_gmt":"2018-07-09T18:34:05","guid":{"rendered":"https:\/\/www.burobrasil.com\/blades-in-the-dark-srd\/?page_id=193"},"modified":"2018-08-21T00:11:42","modified_gmt":"2018-08-21T00:11:42","slug":"rituais","status":"publish","type":"page","link":"https:\/\/www.burobrasil.com\/blades-in-the-dark-srd\/rituais\/","title":{"rendered":"Rituais"},"content":{"rendered":"<h1><strong><span style=\"color: #ff6600;\">&gt;<\/span> Rituais<\/strong><\/h1>\n<p><span style=\"font-weight: 400;\">Executar um ritual \u00e9 um eufemismo deveras in\u00f3cuo para o ato de contatar for\u00e7as abissais e suplicar que elas atendam \u00e0s suas vontades. Por\u00e9m, poucos est\u00e3o dispostos a contrariar aqueles que se dedicam a essas pr\u00e1ticas consideravelmente arriscadas.<\/span><\/p>\n<h2><strong>A fonte do ritual<\/strong><\/h2>\n<p><span style=\"font-weight: 400;\">Ao escolher a habilidade especial <\/span><b>Ritualista<\/b><span style=\"font-weight: 400;\">, voc\u00ea adquire o conhecimento de um ritual \u2013 responda as quest\u00f5es abaixo para cri\u00e1-lo. Para aprender um novo ritual, um PJ precisa primeiro encontrar a sua <\/span><b>fonte<\/b><span style=\"font-weight: 400;\">. Uma fonte pode ser obtida como recompensa de um golpe ou resultado de um projeto de longo prazo \u2013 talvez voc\u00ea roube um livro de rituais durante o assalto ao Museu de Antiguidades; ou reconstrua as instru\u00e7\u00f5es atrav\u00e9s de consultas a cultistas, textos antiqu\u00edssimos ou outros m\u00e9todos de sua pr\u00f3pria cria\u00e7\u00e3o.<\/span><\/p>\n<h2><strong>Como aprender um ritual<\/strong><\/h2>\n<p><span style=\"font-weight: 400;\">Depois de encontrar a fonte do ritual, voc\u00ea precisa completar um projeto de longo prazo para aprend\u00ea-lo. O aprendizado da maior parte dos rituais \u00e9 representado por um rel\u00f3gio de 8 fatias. O jogador e o Mestre respondem as quest\u00f5es ritualistas (veja abaixo) para definir o seu efeito em jogo e o que \u00e9 necess\u00e1rio para execut\u00e1-lo. O jogador deve anotar essas respostas em sua cartilha para futuras consultas.<\/span><\/p>\n<h3><strong>Quest\u00f5es Ritualistas<\/strong><\/h3>\n<ol>\n<li style=\"font-weight: 400;\"><span style=\"font-weight: 400;\">O Mestre pergunta: <\/span><b>\u201cO que o ritual faz e por que \u00e9 estranho?\u201d<\/b><span style=\"font-weight: 400;\"> O jogador responde.<\/span><\/li>\n<li style=\"font-weight: 400;\"><span style=\"font-weight: 400;\">O jogador pergunta: <\/span><b>\u201cO que eu preciso fazer para executar o ritual, e qual \u00e9 o pre\u00e7o?\u201d<\/b><span style=\"font-weight: 400;\"> O Mestre responde. A execu\u00e7\u00e3o de um ritual exige pelo menos uma atividade de folga, e causa uma quantidade de <strong>estresse<\/strong> no seu executor igual \u00e0 sua <\/span><b>magnitude<\/b><span style=\"font-weight: 400;\">. Se a execu\u00e7\u00e3o for arriscada ou perigosa, \u00e9 necess\u00e1rio fazer uma rolagem de a\u00e7\u00e3o (geralmente <strong>Sintonizar).<\/strong> O ritual pode demandar custos adicionais, como um sacrif\u00edcio, item raro, o in\u00edcio (ou avan\u00e7o) de um rel\u00f3gio de progresso preocupante, etc.<\/span><\/li>\n<li style=\"font-weight: 400;\"><span style=\"font-weight: 400;\">O Mestre pergunta: \u201c<\/span><b>Como o conhecimento desse ritual e das for\u00e7as por tr\u00e1s dele afeta voc\u00ea? Quais emo\u00e7\u00f5es e medos surgem?\u201d<\/b><span style=\"font-weight: 400;\"> O jogador responde.<\/span><\/li>\n<\/ol>\n<blockquote>\n<h3><strong>Exemplos de Respostas<\/strong><\/h3>\n<p><em><span style=\"font-weight: 400;\">Jogador: \u201cO ritual protege uma pessoa para que os fantasmas das suas v\u00edtimas n\u00e3o consigam encontr\u00e1-la. Ele \u00e9 estranho porque&#8230; pela dura\u00e7\u00e3o da prote\u00e7\u00e3o, a pessoa \u00e0s vezes chora l\u00e1grimas de sangue negro\u201d.<\/span><\/em><\/p>\n<p><em><span style=\"font-weight: 400;\">Mestre: \u201cUse uma atividade de folga para preparar uma mistura de tabaco, fumo dos sonhos e as cinzas da crema\u00e7\u00e3o de uma v\u00edtima \u2013 a mistura \u00e9 ent\u00e3o fumada pelo alvo. Voc\u00ea sofre pelo menos 3 de estresse ao executar o ritual, e esse ser\u00e1 o valor de qualidade do efeito. Se algum esp\u00edrito tentar superar essa prote\u00e7\u00e3o, a rolagem de sorte vai usar esse valor \u2013 ent\u00e3o pode ser \u00fatil sofrer mais estresse para tornar a prote\u00e7\u00e3o mais potente.<\/span><\/em><\/p>\n<p><em><span style=\"font-weight: 400;\">Jogador: \u201cTudo certo. O meu novo medo \u00e9 o que pode acontecer caso os esp\u00edritos descubram a origem dessa prote\u00e7\u00e3o e resolvam se vingar de mim\u201d.<\/span><\/em><\/p><\/blockquote>\n<h2><strong>Executando um Ritual<\/strong><\/h2>\n<p><span style=\"font-weight: 400;\">Para executar um ritual, voc\u00ea deve possuir a habilidade especial <strong>Ritualista<\/strong> e seguir o m\u00e9todo descrito pelas quest\u00f5es ritualistas. A maioria dos rituais exige uma <\/span><b>atividade de folga<\/b><span style=\"font-weight: 400;\"> para ser executado, embora os mais poderosos, ou que tenham alcance mais vasto, possam demandar duas ou mais. Alguns rituais podem ser parcialmente executados durante a folga, permanecendo engatilhados e aguardando um \u00faltimo ato que complete a sua execu\u00e7\u00e3o \u2013 uma frase de encantamento, uma a\u00e7\u00e3o ritual\u00edstica, etc. Ao realizar esse ato, o personagem completa a execu\u00e7\u00e3o e o ritual se manifesta em todo o seu poder. Nesses casos, fa\u00e7a uma nota indicando que o ritual foi \u201cengatilhado\u201d e pode ser ativado em algum momento posterior.<\/span><\/p>\n<p><span style=\"font-weight: 400;\">Ao executar um ritual, voc\u00ea sofre a quantidade de <\/span><b>estresse<\/b><span style=\"font-weight: 400;\"> estabelecida pelas quest\u00f5es ritualistas. Essa quantidade corresponde diretamente \u00e0 <\/span><b>magnitude<\/b><span style=\"font-weight: 400;\"> das for\u00e7as sendo invocadas. O Mestre usa a magnitude como uma <\/span><i><span style=\"font-weight: 400;\">orienta\u00e7\u00e3o<\/span><\/i><span style=\"font-weight: 400;\"> para estabelecer o custo de estresse, que pode ser menor ou maior que os exemplos da tabela, para se adequar \u00e0 natureza do ritual. <\/span><\/p>\n<p><b>A execu\u00e7\u00e3o de rituais demanda tempo.<\/b><span style=\"font-weight: 400;\"> Use os exemplos de dura\u00e7\u00e3o na tabela de magnitude para reduzir o custo de estresse de acordo com o tempo necess\u00e1rio para a execu\u00e7\u00e3o (geralmente acima de uma hora).<\/span><\/p>\n<p><span style=\"font-weight: 400;\">O Mestre tamb\u00e9m pode <\/span><b>avan\u00e7ar um rel\u00f3gio de progresso<\/b><span style=\"font-weight: 400;\"> ap\u00f3s a execu\u00e7\u00e3o de um ritual, representando a atua\u00e7\u00e3o de um poder ou entidade arcana, ou o progresso de uma consequ\u00eancia sinistra do uso constante do ritual.<\/span><\/p>\n<p><span style=\"font-weight: 400;\">Se a execu\u00e7\u00e3o de um ritual envolver algum risco ou perigo, uma <\/span><b>rolagem de a\u00e7\u00e3o<\/b><span style=\"font-weight: 400;\"> (geralmente usando <strong>Sintonizar<\/strong>) determina se acontece alguma consequ\u00eancia desagrad\u00e1vel. Rituais que possuam efeitos indeterminados ou imprevis\u00edveis podem usar uma <\/span><b>rolagem de sorte<\/b><span style=\"font-weight: 400;\"> para indicar se as suas manifesta\u00e7\u00f5es s\u00e3o positivas ou negativas. Como a execu\u00e7\u00e3o de um ritual \u00e9 uma atividade de folga, voc\u00ea pode gastar moedas (de 1 para 1) para aumentar o n\u00edvel de resultado da rolagem de sorte (representando o uso de materiais ritual\u00edsticos raros ou valiosos). Rituais que sejam tanto perigosos quanto imprevis\u00edveis podem precisar de ambas as rolagens.<\/span><\/p>\n<p><span style=\"font-weight: 400;\">Cada execu\u00e7\u00e3o de ritual \u00e9 um evento \u00fanico e singular; execu\u00e7\u00f5es posteriores podem ter funcionamento e resultados diferentes das anteriores. O Mestre ou o jogador podem pedir uma nova rodada de quest\u00f5es ritualistas para redefini-lo. Os rituais trazem uma vasta gama de efeitos arcanos para o jogo, ent\u00e3o use-os com modera\u00e7\u00e3o! Se em algum momento sentir que perdeu o controle, refa\u00e7a as quest\u00f5es para estabelecer novas regras, custos e efeitos estranhos. As for\u00e7as abissais n\u00e3o s\u00e3o meros brinquedos nas m\u00e3os de vigaristas, e nunca devem ser consideradas fontes de poder seguras ou confi\u00e1veis.<\/span><\/p>\n","protected":false},"excerpt":{"rendered":"<p>&gt; Rituais Executar um ritual \u00e9 um eufemismo deveras in\u00f3cuo para o ato de contatar for\u00e7as abissais e suplicar que elas atendam \u00e0s suas vontades. Por\u00e9m, poucos est\u00e3o dispostos a contrariar aqueles que se dedicam a essas pr\u00e1ticas consideravelmente arriscadas. A fonte do ritual Ao escolher a habilidade especial Ritualista, voc\u00ea adquire o conhecimento de um ritual \u2013 responda as quest\u00f5es abaixo para cri\u00e1-lo. Para aprender um novo ritual, um PJ precisa primeiro encontrar a sua fonte. Uma fonte pode [&hellip;]<\/p>\n","protected":false},"author":1,"featured_media":0,"parent":0,"menu_order":0,"comment_status":"closed","ping_status":"closed","template":"","meta":{"footnotes":""},"class_list":["post-193","page","type-page","status-publish","hentry"],"_links":{"self":[{"href":"https:\/\/www.burobrasil.com\/blades-in-the-dark-srd\/wp-json\/wp\/v2\/pages\/193","targetHints":{"allow":["GET"]}}],"collection":[{"href":"https:\/\/www.burobrasil.com\/blades-in-the-dark-srd\/wp-json\/wp\/v2\/pages"}],"about":[{"href":"https:\/\/www.burobrasil.com\/blades-in-the-dark-srd\/wp-json\/wp\/v2\/types\/page"}],"author":[{"embeddable":true,"href":"https:\/\/www.burobrasil.com\/blades-in-the-dark-srd\/wp-json\/wp\/v2\/users\/1"}],"replies":[{"embeddable":true,"href":"https:\/\/www.burobrasil.com\/blades-in-the-dark-srd\/wp-json\/wp\/v2\/comments?post=193"}],"version-history":[{"count":5,"href":"https:\/\/www.burobrasil.com\/blades-in-the-dark-srd\/wp-json\/wp\/v2\/pages\/193\/revisions"}],"predecessor-version":[{"id":390,"href":"https:\/\/www.burobrasil.com\/blades-in-the-dark-srd\/wp-json\/wp\/v2\/pages\/193\/revisions\/390"}],"wp:attachment":[{"href":"https:\/\/www.burobrasil.com\/blades-in-the-dark-srd\/wp-json\/wp\/v2\/media?parent=193"}],"curies":[{"name":"wp","href":"https:\/\/api.w.org\/{rel}","templated":true}]}}